e 13?
0
133 (base 7) to base 12
61
What is 8 (base 14) in base 5?
13
Convert -10 (base 16) to base 2.
-10000
What is 34 (base 12) in base 15?
2a
-1 (base 2) to base 10
-1
-101 (base 3) to base 14
-a
Convert -4 (base 9) to base 13.
-4
-2 (base 15) to base 13
-2
Convert 15 (base 8) to base 4.
31
What is -4 (base 8) in base 14?
-4
What is -2 (base 15) in base 6?
-2
Convert 0 (base 7) to base 6.
0
29 (base 13) to base 4
203
1 (base 13) to base 9
1
37 (base 9) to base 7
46
What is 11 (base 2) in base 3?
10
41 (base 5) to base 3
210
What is 153 (base 6) in base 13?
54
Convert 49 (base 13) to base 11.
56
24 (base 7) to base 15
13
-a (base 14) to base 2
-1010
What is 4 (base 9) in base 14?
4
9 (base 14) to base 5
14
What is 4 (base 6) in base 3?
11
What is -1 (base 5) in base 16?
-1
5 (base 11) to base 15
5
-63 (base 11) to base 15
-49
1512 (base 6) to base 8
624
What is 1 (base 7) in base 12?
1
What is 78 (base 9) in base 7?
131
What is 1 (base 2) in base 13?
1
Convert 7a (base 13) to base 6.
245
-2 (base 15) to base 5
-2
What is 22 (base 6) in base 15?
e
What is 31 (base 7) in base 13?
19
Convert 4a (base 12) to base 9.
64
What is -10 (base 8) in base 2?
-1000
6 (base 9) to base 14
6
11 (base 9) to base 5
20
15 (base 13) to base 4
102
4 (base 6) to base 15
4
-3a (base 15) to base 11
-50
Convert 1202 (base 5) to base 16.
b1
What is -c (base 14) in base 13?
-c
-48 (base 9) to base 15
-2e
4 (base 6) to base 2
100
190 (base 13) to base 11
240
What is -111 (base 3) in base 16?
-d
Convert -414 (base 6) to base 7.
-310
Convert -12 (base 3) to base 9.
-5
-c7 (base 14) to base 5
-1200
Convert 23 (base 16) to base 10.
35
What is 26 (base 10) in base 7?
35
-3 (base 16) to base 6
-3
Convert 215 (base 6) to base 7.
146
Convert 0 (base 7) to base 16.
0
What is 27 (base 14) in base 2?
100011
-314 (base 7) to base 2
-10011110
What is 21 (base 12) in base 7?
34
-1 (base 9) to base 13
-1
What is -44 (base 5) in base 13?
-1b
-2f (base 16) to base 9
-52
-3 (base 9) to base 12
-3
Convert 1 (base 10) to base 6.
1
Convert 1 (base 13) to base 6.
1
Convert -144 (base 7) to base 2.
-1010001
What is -1a (base 15) in base 7?
-34
23 (base 5) to base 10
13
Convert 11111001 (base 2) to base 3.
100020
What is -9 (base 12) in base 8?
-11
-18 (base 14) to base 4
-112
-e8 (base 15) to base 9
-262
Convert 1101 (base 2) to base 11.
12
What is 201 (base 8) in base 3?
11210
Convert -6 (base 13) to base 10.
-6
Convert 5 (base 8) to base 10.
5
11 (base 3) to base 5
4
What is -2 (base 14) in base 4?
-2
10 (base 7) to base 16
7
0 (base 8) to base 12
0
What is -22 (base 16) in base 10?
-34
Convert 64 (base 8) to base 16.
34
What is a (base 14) in base 2?
1010
Convert 1 (base 4) to base 2.
1
-20 (base 5) to base 15
-a
2 (base 8) to base 4
2
Convert 3 (base 16) to base 11.
3
Convert -64 (base 7) to base 9.
-51
243 (base 5) to base 13
58
5 (base 10) to base 6
5
0 (base 12) to base 11
0
-65 (base 16) to base 4
-1211
Convert 100111110 (base 2) to base 14.
18a
-101111 (base 2) to base 11
-43
-161 (base 14) to base 12
-1b5
-1012 (base 5) to base 10
-132
Convert -16 (base 8) to base 7.
-20
-3 (base 5) to base 15
-3
What is 1 (base 16) in base 13?
1
24 (base 5) to base 6
22
What is -3 (base 4) in base 14?
-3
What is 404 (base 6) in base 3?
12111
Convert 2 (base 11) to base 2.
10
What is 0 (base 14) in base 9?
0
Convert -313 (base 5) to base 6.
-215
-5 (base 13) to base 14
-5
-d1 (base 14) to base 16
-b7
217 (base 8) to base 4
2033
Convert -6 (base 11) to base 13.
-6
1 (base 8) to base 15
1
What is 99 (base 15) in base 3?
12100
What is -10 (base 3) in base 7?
-3
Convert 73 (base 10) to base 2.
1001001
Convert 101111 (base 2) to base 10.
47
-1 (base 11) to base 12
-1
What is -181 (base 9) in base 7?
-310
What is -3a (base 12) in base 6?
-114
What is -11 (base 10) in base 13?
-b
-5 (base 13) to base 4
-11
What is 141 (base 9) in base 7?
226
1 (base 12) to base 15
1
3 (base 16) to base 8
3
Convert 151 (base 6) to base 3.
2111
What is 102 (base 5) in base 14?
1d
0 (base 3) to base 12
0
Convert 101101000 (base 2) to base 3.
111100
0 (base 9) to base 13
0
3 (base 7) to base 11
3
What is 63 (base 12) in base 11?
69
-141 (base 10) to base 6
-353
322 (base 5) to base 15
5c
24 (base 7) to base 14
14
What is -11 (base 11) in base 9?
-13
What is -13 (base 14) in base 3?
-122
-1 (base 12) to base 13
-1
Convert -121001 (base 3) to base 6.
-2001
Convert -30 (base 9) to base 8.
-33
-20 (base 9) to base 15
-13
What is -5 (base 12) in base 6?
-5
What is -b (base 13) in base 9?
-12
What is 14 (base 13) in base 16?
11
-2 (base 9) to base 11
-2
Convert 267 (base 12) to base 10.
367
-11110 (base 3) to base 8
-170
-2 (base 10) to base 8
-2
12 (base 11) to base 8
15
-12 (base 5) to base 15
-7
Convert 5 (base 12) to base 3.
12
-124 (base 7) to base 2
-1000011
14 (base 9) to base 3
111
Convert -1 (base 16) to base 3.
-1
Convert 10 (base 12) to base 13.
c
Convert -122 (base 9) to base 6.
-245
What is 15 (base 8) in base 16?
d
22 (base 3) to base 8
10
-2 (base 11) to base 9
-2
-44 (base 5) to base 16
-18
-1000 (base 3) to base 15
-1c
Convert 4 (base 5) to base 2.
100
What is 1 (base 9) in base 13?
1
Convert -100100 (base 2) to base 12.
-30
What is -3 (base 5) in base 16?
-3
What is 12 (base 7) in base 2?
1001
Convert 0 (base 14) to base 15.
0
Convert -114 (base 10) to base 15.
-79
What is 3 (base 15) in base 2?
11
What is -174 (base 11) in base 9?
-244
What is 9e (base 15) in base 7?
302
-2 (base 9) to base 2
-10
What is 27 (base 13) in base 9?
36
Convert -7 (base 13) to base 6.
-11
What is 211 (base 4) in base 8?
45
120 (base 4) to base 6
40
What is 112 (base 12) in base 2?
10011110
What is -3 (base 9) in base 5?
-3
What is 110 (base 9) in base 15?
60
Convert -10 (base 13) to base 5.
-23
Convert 22 (base 5) to base 16.
c
-b (base 12) to base 14
-b
Convert 11 (base 3) to base 7.
4
344 (base 7) to base 15
be
Convert -2321 (base 4) to base 8.
-271
-7 (base 13) to base 10
-7
What is 6 (base 12) in base 3?
20
Convert 550 (base 6) to base 12.
156
0 (base 14) to base 5
0
4 (base 12) to base 9
4
What is -1 (base 6) in base 12?
-1
-1b (base 12) to base 11
-21
-28 (base 9) to base 6
-42
Convert 0 (base 3) to base 16.
0
What is -4 (base 8) in base 9?
-4
-10 (base 5) to base 15
-5
Convert 3 (base 8) to base 12.
3
Convert -10222 (base 3) to base 10.
-107
Convert -4 (base 13) to base 15.
-4
What is -41 (base 9) in base 16?
-25
Convert 1 (base 5) to base 15.
1
What is -70 (base 13) in base 10?
-91
-1 (base 3) to base 9
-1
-10010 (base 2) to base 13
-15
Convert -32 (base 7) to base 15.
-18
What is -42 (base 9) in base 14?
-2a
-8 (base 15) to base 5
-13
What is -36 (base 8) in base 10?
-30
Convert 70 (base 10) to base 12.
5a
-4 (base 8) to base 12
-4
What is -17 (base 14) in base 16?
-15
What is 1 (base 14) in base 9?
1
Convert 253 (base 8) to base 2.
10101011
Convert -10 (base 3) to base 6.
-3
Convert -2 (base 15) to base 7.
-2
Convert 6 (base 15) to base 10.
6
Convert -30 (base 4) to base 12.
-10
332 (base 7) to base 4
2222
Convert -202 (base 4) to base 7.
-46
What is 8 (base 12) in base 3?
22
-20 (base 16) to base 2
-100000
Convert -2033 (base 5) to base 8.
-414
-12003 (base 4) to base 2
-110000011
What is 3 (base 14) in base 3?
10
What is 6a (base 12) in base 5?
312
What is 2 (base 7) in base 13?
2
12 (base 11) to base 12
11
Convert -10 (base 10) to base 4.
-22
What is -3 (base 4) in base 11?
-3
Convert 3 (base 15) to base 2.
11
What is 0 (base 10) in base 2?
0
Convert -ab (base 16) to base 4.
-2223
What is -21 (base 5) in base 10?
-11
What is -100 (base 2) in base 5?
-4
What is -6 (base 11) in base 8?
-6
What is 21 (base 6) in base 9?
14
-44 (base 9) to base 16
-28
1 (base 10) to base 8
1
What is 12 (base 3) in base 13?
5
Convert -2 (base 14) to base 8.
-2
0 (base 13) to base 15
0
-23 (base 13) to base 16
-1d
What is 12 (base 3) in base 5?
10
5 (base 15) to base 13
5
16 (base 14) to base 15
15
Convert 48 (base 12) to base 16.
38
-67 (base 12) to base 14
-59
6 (base 10) to base 13
6
What is 0 (base 5) in base 10?
0
Convert -6 (base 8) to base 13.
-6
Convert 0 (base 15) to base 10.
0
Convert -6 (base 11) to base 12.
-6
28 (base 9) to base 2
11010
Convert 133 (base 7) to base 15.
4d
-1 (base 2) to base 8
-1
What is 1 (base 15) in base 2?
